m**3 + 4*m**2 - 6*m - 168. Let j(k) = 7*k**3 + 5*k**2 - 7*k - 169. Let b(z) = 6*c(z) - 5*j(z). Let p be b(0). Is -2*1*p/2 composite?
False
Let w be 2/1*65/10. Suppose -4 = -3*x + 2*r + w, 15 = 3*x - 3*r. Suppose n - x = 2. Is n a prime number?
False
Suppose -8214 = -2*r - 4*r. Is r composite?
True
Suppose -5*o = i - 18, 0*i - i = -4*o + 18. Let x be 880/(-4) - 4/i. Is x/(-4) - (-6)/12 a composite number?
True
Suppose -q - 24 + 155 = 0. Is q prime?
True
Suppose 3*r - 6*r + 9465 = 0. Is r a prime number?
False
Suppose 4*g - 1548 = -4*q, q = -4 - 1. Suppose -4*b + g = 116. Is b a composite number?
True
Suppose 0*i + 4*i = 2*k - 6, 0 = -k - i + 3. Suppose -4*t - 6 = 5*h, -k*h - t - 1 = -3. Suppose -h*c + 5*c - 21 = 0. Is c prime?
True
Suppose 0 = 16*s + 530 - 5442. Is s composite?
False
Suppose -2*q + 3*q = 2*f - 242, -f + 5*q = -139. Is f composite?
True
Let y(i) be the third derivative of i**5/30 - 7*i**4/12 + 7*i**3/6 - 3*i**2. Is y(11) prime?
False
Let v = -2 - -5. Suppose 0 = 6*i - v*i - 78. Is i composite?
True
Let b = 349 + -204. Is b a composite number?
True
Let n(t) = 23*t + 6. Let r be n(-6). Let c = 215 + r. Is c a composite number?
False
Let k be (-45)/(-7) - 12/28. Suppose -705 = -k*o + o. Is o a prime number?
False
Let u = 17 - -133. Let q be (224/(-6))/((-10)/u). Suppose -186 = 2*t - q. Is t a composite number?
True
Let p(h) = -h**2 + 5*h - 2. Let q be p(2). Suppose q*o - o = 3*u + 405, u = -1. Is o prime?
False
Let l(i) be the third derivative of -i**8/6720 - i**7/1260 - i**6/240 + i**4/12 + i**2. Let s(p) be the second derivative of l(p). Is s(-2) composite?
True
Suppose 0*j - 388 = -4*j. Is j composite?
False
Let f(g) = -2*g + 223. Let d(m) = -m**3 + 10*m**2 - 10*m + 9. Let a be d(9). Is f(a) a composite number?
False
Suppose 4 + 64 = 5*j + 2*b, 2*j = -b + 27. Suppose -4*t - 20 = 0, 139 = 4*o - t - j. Is o a composite number?
False
Let f be 1 + -3 + 1 - 152. Let n = -403 + -259. Let z = f - n. Is z a composite number?
False
Let b(c) = 114*c**2 - 3*c - 1. Is b(-4) composite?
True
Let y be -1 - -6 - (1 + -3). Suppose -s + 22 = y. Is s a composite number?
True
Suppose 3*m + 5*j + 5 = 0, -3*m + 3*j = m - 3. Suppose -5*r + 133 - 38 = m. Is r prime?
True
Let y be (-22)/(-6) + 4/12. Suppose -8 = -4*n - y*p, n - 3*p + 14 = -0*n. Is 62 - (n - -5)*1 composite?
False
Let f(n) = 8*n**2 - 2*n - 5. Let u be f(11). Suppose 309 = -4*p + u. Is p prime?
False
Let w(f) = 65*f**2 - 1. Let o be w(1). Let r = 111 - o. Is r a prime number?
True
Let j(r) = -10*r - 1. Let s(f) = f**2 + 6*f - 5. Let b be s(-5). Let p be (-36)/10 + 4/b. Is j(p) a prime number?
False
Suppose 0*r + 4*r + 764 = 0. Let b = -112 - r. Is b a prime number?
True
Let l be (-1 + -1)*127/2. Let k = -55 - l. Suppose -5*a + k = -3. Is a a composite number?
True
Suppose -3*h - 96 = h. Suppose -11*d + 9*d - 18 = 0. Let w = d - h. Is w a composite number?
True
Suppose n + 679 = 5*l - 859, -2*n - 620 = -2*l. Is l a composite number?
False
Suppose -5469 = -2*t - 1507. Is t composite?
True
Suppose 0 = -j + 2*v + 8, -2 = -j + 3*v + 7. Suppose q - j*q = -1985. Is q composite?
False
Suppose -1351 = -3*t - 22. Let i be 1/(-4) - t/4. Let f = -22 - i. Is f composite?
False
Let d be ((-21)/(-14))/(6/16). Suppose 0 = d*b - 113 - 11. Is b composite?
False
Suppose p + 5*f = 108, 3*f + 0*f = -15. Is p prime?
False
Let f(z) = 26*z + 2. Let o be f(11). Let p = -203 + o. Is p composite?
True
Suppose -67 = -5*a - 7. Let k = -1 - -2. Let o = k + a. Is o a prime number?
True
Let x = -140 + 225. Is x composite?
True
Let c(p) = -4*p. Let h be c(-5). Suppose -5*m = -h, -2*n + m + 96 = -4*m. Is n composite?
True
Let v(l) = 21*l**2 + 4*l - 6. Is v(4) a composite number?
True
Let r = 325 - -934. Is r a prime number?
True
Let h(x) = -17*x**3 + 3*x + 1. Is h(-2) prime?
True
Suppose 4*u + 62 = 298. Is u prime?
True
Suppose 3*h + 15 = 8*h. Let k(r) = r**3 - 6*r**2 + 3. Let a be k(6). Suppose 3*t = -a*c + 225, -t - 2*c = -h*c - 83. Is t composite?
False
Is 17688/32 + (-3)/(-12) a composite number?
True
Suppose 3*z + 0*o + 219 = 3*o, z + 61 = -2*o. Let g = z - -203. Is g prime?
False
Let s = -204 - -361. Is s prime?
True
Let s(g) = -19*g + 5. Is s(-6) prime?
False
Suppose 13*f - 6218 = 11*f. Is f a prime number?
True
Let u = 9 - -1. Is 465/u*(-20)/(-6) a composite number?
True
Let n(u) = 6*u**2 + u - 1. Let m be n(1). Let a = m + -1. Suppose -5*r = 4*t - 8*t + 243, 3*t - 226 = -a*r. Is t a composite number?
False
Let z = -1042 - -1489. Is z composite?
True
Let c be -47 - -4 - (2 + 0). Let z = c - -136. Is z prime?
False
Suppose 65 = v + 4*u, -v + 0*v = u - 80. Is v a composite number?
True
Let c(w) = 2*w**2 + 4*w + 3 - 4 + 6*w. Is c(-8) prime?
True
Suppose i + 5*h = 2*h + 1181, 4784 = 4*i - 3*h. Is i a composite number?
False
Suppose 0 = y - 6*y - 2*t + 5287, -4*y = t - 4229. Suppose -5*x = l - 206, -2*l + 2*x = 3*l - y. Is l a prime number?
True
Let j be (-1)/(-2)*122*1. Suppose j = 4*a + 1. Is a a prime number?
False
Let c(n) = -5*n. Let f be c(4). Let d = f - -39. Is d composite?
False
Suppose -2*w = 0, 0*q + q + 5 = 2*w. Let k(u) be the first derivative of u**4/4 + 5*u**3/3 - u**2 - 3*u + 1. Is k(q) composite?
False
Let n(d) = 13*d**2 + 5*d - 5. Is n(3) composite?
False
Suppose s - 6*s - 135 = 0. Let k be (s/(-18))/(3/10). Suppose 0*p + 2*m = -5*p + 1087, 3*p - 656 = -k*m. Is p a prime number?
False
Suppose 3*k = k + 628. Suppose -2*x + k = -0*x. Is x a prime number?
True
Suppose 14235 = -4*r + 9*r. Let w = -1984 + r. Is w a prime number?
True
Let t be 174/(-2) + 1/1. Is -2 - 1 - (t - 0) composite?
False
Suppose -4*t + 3*z = -29, 4 = 2*z + 2*z. Is ((-26)/4)/((-4)/t) a prime number?
True
Suppose 20*u - 15005 = 50015. Is u a composite number?
False
Let l(b) = 43*b - 2. Let k be (4/(-6))/(4/(-18)). Suppose 10 = k*q + 1. Is l(q) prime?
True
Let c be ((-2)/(-3))/(-1)*-18. Is -3 + c*(-1 + 4) a composite number?
True
Let d(c) = -34*c - 6. Let p(k) = 103*k + 19. Let n(g) = 8*d(g) + 3*p(g). Is n(4) prime?
True
Let p = -116 + 321. Is p a prime number?
False
Let s be -2*(-4 + 0/(-1)). Suppose y = -4*w - 4 - 13, 0 = 4*y + 4*w + s. Suppose l + 98 = y*v - v, 0 = -v + l + 49. Is v prime?
False
Suppose -5*w = 4*a - 2502, 981 = 2*w - 0*w - 5*a. Suppose -4*j = 17 - 5, -3*t + j = -w. Suppose 5*h + 0*h - t = 0. Is h prime?
False
Let p(r) = 2 - 7*r - 5 - 3*r. Let z be 1*(-2 - 6/3). Is p(z) composite?
False
Let i(h) = -4*h**2 - 4*h + 3. Let p be i(2). Let r be (-3)/(p/(-6) - 2). Is r*((-154)/4 - 0) a composite number?
True
Let s(p) = p - 5. Let q be s(7). Suppose -b = q*b. Let i = 19 + b. Is i prime?
True
Let w be -2 - ((-42)/2)/3. Suppose t - 42 - w = 0. Is t a prime number?
True
Let a be (-1)/(-2 - -1) + -3. Let n(l) be the second derivative of -l**5/20 + l**4/6 + l**3/6 - l**2/2 - 2*l. Is n(a) a composite number?
False
Suppose -2*u + 3*q - 14 - 3 = 0, -2*u + 7 = 5*q. Is 67*(-1 - (2 + u)) composite?
False
Suppose 2*p = -z + 844 - 100, -4*p = 5*z - 1494. Is p composite?
True
Let f(m) = -m**2 - 12*m - 1. Let r be (-3)/(-1) - 15 - -1. Let z be f(r). Suppose 0 = -z*j + 5*j + 30. Is j a prime number?
False
Suppose -2*m - 4*q - 3 = 1, -3*q - 29 = -5*m. Suppose -1117 + 258 = -m*u - 3*j, -5*j - 1030 = -5*u. Is u composite?
False
Let l(u) = 3*u + 1. Let m be l(1). Let s = m + 178. Let a = s - 93. Is a a composite number?
False
Let f = 133 - 258. Let z be (-3)/(1 - (-614)/(-620)). Let h = f - z. Is h a composite number?
True
Suppose -53*m + 326 = -51*m. Is m a composite number?
False
Suppose b = -4*b. Let k be (b - -1)/((-4)/(-8)). Suppose -6 = -k*s - 4, -5*q + 66 = s. Is q a composite number?
False
Let b be (-20)/(-70) - (-780)/14. Let l = 1807 + b. Is 2/7 + l/21 composite?
False
Let z(f) = 0*f + 2 + 3 + 12 + 5*f. Is z(14) a prime number?
False
Let j be (-4)/6*-6 - 4. Suppose -8*u + 4*u + 148 = j. Is u a prime number?
True
Let w = 1 + 0. Is 12/(-14)*(-7)/w composite?
True
Suppose 0 = -2*h - 3 - 19. Let c be (-2)/h + (-8223)/33. Let s = -88 - c. Is s a prime number?
False
Is -3 - (2 + -3) - -97 composite?
True
Suppose -2*w + w = 0. Suppose 5*y - 608 + 13 = w. Is y a composite number?
True
Suppose -2*t + 12 - 2 = 0. Suppose 6 = -t*g - 9. Is g/(-3)*-2 - -5 a prime number?
True
Is (-21723)/(-26)*4/6 composite?
False
Let z(k) = 3*k**3 - 7. Is z